 a factor of 220428389?
False
Does 1943 divide 696590759?
True
Does 484 divide 24480236?
True
Is 352317240 a multiple of 12?
True
Is 521807313 a multiple of 52?
False
Is 745 a factor of 34117864?
False
Does 127 divide 48361727?
True
Is 5038354 a multiple of 225?
False
Is 61868304 a multiple of 408?
True
Is 28 a factor of 19535102?
False
Is 393 a factor of 32289273?
True
Is 63362332 a multiple of 79?
False
Is 8 a factor of 166143856?
True
Does 65 divide 15239705?
True
Is 11697795 a multiple of 213?
False
Is 27 a factor of 860590710?
True
Does 956 divide 78885196?
False
Does 1092 divide 73414068?
True
Is 124 a factor of 5667296?
True
Does 9 divide 21886247?
False
Is 114353442 a multiple of 126?
True
Does 3271 divide 215946015?
False
Is 1539719866 a multiple of 55?
False
Is 770 a factor of 2788290096?
False
Is 202498549 a multiple of 134?
False
Is 367 a factor of 179593285?
True
Does 3452 divide 169645088?
True
Does 2647 divide 20569837?
True
Is 36439095 a multiple of 553?
False
Does 3898 divide 252013496?
True
Does 54 divide 126668340?
True
Does 10 divide 3098474521?
False
Does 27 divide 47808849?
False
Is 63 a factor of 228280333?
False
Is 104414283 a multiple of 27?
False
Is 1570 a factor of 1025445500?
True
Does 27 divide 341848225?
False
Does 170 divide 1278861550?
True
Is 52 a factor of 1425803236?
True
Is 9 a factor of 635727220?
False
Does 133 divide 19532114?
True
Does 510 divide 22478250?
True
Is 300420960 a multiple of 480?
True
Does 6 divide 20763438?
True
Is 7161400 a multiple of 25?
True
Is 1804120591 a multiple of 7?
True
Does 19 divide 7319370?
True
Does 522 divide 29123424?
True
Is 10806603 a multiple of 19?
False
Is 1511534960 a multiple of 260?
True
Does 1254 divide 123502698?
True
Is 334 a factor of 44365888?
True
Does 1285 divide 5049667?
False
Is 48 a factor of 557143104?
True
Is 189 a factor of 77370659?
False
Is 109545978 a multiple of 1077?
True
Is 12 a factor of 49541286?
False
Is 52 a factor of 4845828?
True
Is 682 a factor of 41905490?
True
Is 70 a factor of 2467010?
True
Is 23284638 a multiple of 1618?
True
Is 14 a factor of 12986239?
False
Is 450971992 a multiple of 24?
False
Is 23 a factor of 293287986?
False
Is 2151067171 a multiple of 289?
True
Is 7 a factor of 1598475797?
False
Does 21 divide 38587689?
True
Does 704 divide 5774929?
False
Does 1078 divide 298471688?
False
Is 203 a factor of 11151711?
False
Does 15 divide 46002300?
True
Does 351 divide 745933266?
True
Is 8 a factor of 128223866?
False
Does 456 divide 2271297696?
True
Does 445 divide 278768025?
True
Is 34044150 a multiple of 175?
True
Is 132 a factor of 3677256?
True
Is 476703597 a multiple of 4551?
True
Is 787343185 a multiple of 374?
False
Is 586 a factor of 27942824?
True
Is 65 a factor of 42909360?
True
Is 23197524 a multiple of 276?
True
Is 776823188 a multiple of 24?
False
Is 5 a factor of 18426856?
False
Does 5 divide 7394140?
True
Is 219 a factor of 136405796?
False
Is 511 a factor of 209118333?
False
Does 27 divide 15052216?
False
Does 693 divide 209425582?
False
Is 8028879 a multiple of 3?
True
Is 50 a factor of 779408692?
False
Is 1228 a factor of 3439704178?
False
Is 225 a factor of 8493975?
True
Is 38522184 a multiple of 1059?
True
Is 6642240 a multiple of 555?
True
Does 30 divide 2921125560?
True
Is 612627833 a multiple of 37?
True
Is 28 a factor of 40562850?
False
Does 141 divide 129201825?
True
Is 1507195846 a multiple of 3894?
False
Does 8 divide 19674450?
False
Does 32 divide 24445201?
False
Is 23925508 a multiple of 20?
False
Is 4 a factor of 1227444?
True
Does 21 divide 159305863?
False
Is 413 a factor of 56311534?
False
Is 3152 a factor of 42478575?
False
Is 20065532 a multiple of 147?
False
Is 9 a factor of 1913827850?
False
Is 401 a factor of 13066585?
True
Does 28 divide 41931932?
True
Does 55 divide 16436108?
False
Does 4081 divide 9700072?
False
Is 8 a factor of 1464281016?
True
Is 10 a factor of 438080236?
False
Does 581 divide 109013611?
True
Does 74 divide 73986606?
True
Is 516481940 a multiple of 10?
True
Does 11 divide 33806861?
True
Is 455 a factor of 42909223?
False
Is 1827748832 a multiple of 3?
False
Is 101 a factor of 20471993?
True
Is 25889013 a multiple of 117?
False
Is 485630601 a multiple of 2694?
False
Does 9 divide 45093960?
True
Is 3457664514 a multiple of 9?
True
Is 403018 a multiple of 260?
False
Is 615266 a multiple of 4?
False
Is 258 a factor of 2331781554?
True
Is 187 a factor of 82664846?
True
Does 64 divide 17073408?
True
Is 244230390 a multiple of 135?
True
Is 128 a factor of 106986936?
False
Is 84658262 a multiple of 680?
False
Is 336056004 a multiple of 781?
False
Does 3 divide 544125?
True
Does 182 divide 6093365642?
True
Is 1436771632 a multiple of 4577?
False
Does 7 divide 29506607?
False
Does 18 divide 7680625?
False
Is 10 a factor of 20090123?
False
Does 32 divide 169289687?
False
Does 1031 divide 93305909?
False
Does 4072 divide 3190182280?
False
Is 36611802 a multiple of 9?
True
Does 802 divide 20934109?
False
Does 3015 divide 28933360?
False
Does 293 divide 52350896?
True
Is 3687189 a multiple of 3?
True
Does 62 divide 12381414?
False
Is 156413488 a multiple of 14?
True
Is 43040760 a multiple of 145?
False
Is 437249790 a multiple of 26?
False
Is 2 a factor of 167202390?
True
Is 142 a factor of 6250414?
True
Is 1336420787 a multiple of 1435?
False
Does 282 divide 687272768?
False
Is 5518 a factor of 1675402750?
True
Does 69 divide 389587126?
False
Is 70039607 a multiple of 1682?
False
Is 3 a factor of 3178225?
False
Is 66 a factor of 134779841?
False
Is 364 a factor of 23272437?
False
Does 16 divide 337723824?
True
Is 69 a factor of 644698533?
True
Is 76654764 a multiple of 18?
True
Does 10 divide 2416250?
True
Is 8463768 a multiple of 483?
False
Does 566 divide 138497936?
True
Is 202 a factor of 4901126?
True
Does 12 divide 282840169?
False
Is 93602081 a multiple of 168?
False
Is 170 a factor of 552401083?
False
Is 72 a factor of 37099008?
True
Does 437 divide 2112579923?
True
Does 16 divide 7843780?
False
Does 31 divide 22057430?
True
Is 735 a factor of 1470348?
False
Is 24 a factor of 1610342880?
True
Is 116515689 a multiple of 199?
False
Does 3774 divide 17799062?
False
Does 539 divide 85910132?
True
Is 87 a factor of 13785585?
True
Does 12 divide 26265807?
False
Does 11 divide 5854926?
True
Is 31 a factor of 120300259?
False
Does 1131 divide 128319265?
False
Is 416040148 a multiple of 41?
False
Is 134265160 a multiple of 40?
True
Is 55079483 a multiple of 1232?
False
Is 15 a factor of 96328020?
True
Does 122 divide 262527530?
True
Is 131344405 a multiple of 1745?
True
Is 9096064 a multiple of 32?
True
Does 23 divide 3597575?
False
Does 35 divide 707856561?
False
Is 147 a factor of 34832044?
False
Is 12425882 a multiple of 14?
True
Is 1214 a factor of 1590993132?
True
Is 244588043 a multiple of 723?
False
Does 24 divide 16511112?
True
Is 168 a factor of 31152912?
True
Is 126 a factor of 238640533?
False
Does 222 divide 122094894?
True
Is 225 a factor of 123936865?
False
Does 4 divide 98896811?
False
Is 113 a factor of 137297571?
False
Does 101 divide 83534272?
True
Does 381 divide 576459637?
False
Is 5177375217 a multiple of 84?
False
Is 87 a factor of 209326263?
True
Is 30 a factor of 20591400?
True
Is 83 a factor of 764130204?
True
Is 42 a factor of 128885446?
False
Is 1075 a factor of 4581039400?
True
Is 567 a factor of 4038174?
True
Is 23130598 a multiple of 1086?
False
Is 58 a factor of 3224495385?
False
Is 8933456 a multiple of 434?
True
Is 71 a factor of 2135537432?
True
Is 11 a factor of 281759462?
False
Is 2 a factor of 2716131?
False
Is 3343274411 a multiple of 13865?
False
Is 131803876 a multiple of 10?
False
Does 1017 divide 1387875743?
False
Does 4727 divide 1828394146?
True
Does 44 divide 48131874?
False
Does 1094 divide 2184133628?
False
Is 4726 a factor of 695350968?
False
Is 22166131 a multiple of 13?
True
Is 3661895776 a multiple of 108?
False
Does 15327 divide 262934869?
False
Does 28 divide 12425392?
True
Does 27 divide 451835766?
True
Is 38 a factor of 24241036?
True
Does 3 divide 19752275?
False
Does 347 divide 3634220462?
False
Is 29805748 a multiple of 28?
True
Is 72149216 a multiple of 151?
False
Is 610 a factor of 99692300?
True
Does 233 divide 2011329861?